{"id":3227,"date":"2025-04-30T11:24:06","date_gmt":"2025-04-30T09:24:06","guid":{"rendered":"http:\/\/test.linedance-connection.de\/Test1\/?page_id=3227"},"modified":"2025-04-30T15:49:00","modified_gmt":"2025-04-30T13:49:00","slug":"impressum","status":"publish","type":"page","link":"https:\/\/www.linedance-connection.de\/?page_id=3227","title":{"rendered":"Impressum"},"content":{"rendered":"\n<p>Linedance Connection Neustadt\/Weinstr. e.V.<br>Lindenweg 1a<br>67487 Maikammer<br><br>Tel.: 0170 \/ 2916087<br>E-mail: LinedanceConnection@gmx.de<\/p>\n\n\n\n<p>Registergericht : Amtsgericht Ludwigshafen<br>Registerblatt: VR 60188<\/p>\n\n\n\n<p><strong>Vertretungsberechtigter Vorstand<\/strong><br>1. Vorsitzende<br><strong>Renate Rothenb\u00fccher<\/strong><br>Lindenweg 1a<br>67487 Maikammer<\/p>\n\n\n\n<p>2. Vorsitzende<br><strong>Irene Follmer<\/strong><br>Weidenweg 46<br>67487 Maikammer<\/p>\n\n\n\n<p><strong>Disclaimer<\/strong><\/p>\n\n\n\n<p><strong>\u00a71. Inhalt des Onlineangebotes&nbsp;<\/strong><br>Die Linedance Connection Neustadt\/Weinstr. e.V. \u00fcbernimmt keinerlei Gew\u00e4hr f\u00fcr die Aktualit\u00e4t, Korrektheit, Vollst\u00e4ndigkeit oder Qualit\u00e4t der bereitgestellten Informationen. Haftungsanspr\u00fcche gegen Linedance Connection Neustadt\/Weinstr. e.V., die durch die Nutzung oder Nichtnutzung der dargebotenen Informationen bzw. durch die Nutzung fehlerhafter und unvollst\u00e4ndiger Informationen verursacht wurden, sind grunds\u00e4tzlich ausgeschlossene. Alle Angebote sind freibleibend und unverbindlich. Linedance Connection Neustadt\/Weinstr. e.V. beh\u00e4lt es sich ausdr\u00fccklich vor, Teile der Seiten oder das gesamte Angebot ohne gesonderte Ank\u00fcndigung zu ver\u00e4ndern, zu erg\u00e4nzen, zu l\u00f6schen oder die Ver\u00f6ffentlichung zeitweise oder endg\u00fcltig einzustellen.<\/p>\n\n\n\n<p>&nbsp;<strong>\u00a72. Verweise und Links<br><\/strong>Der Webmaster erkl\u00e4rt hiermit ausdr\u00fccklich, dass zum Zeitpunkt der Linksetzung keine illegalen Inhalte auf den zu verlinkenden Seiten erkennbar waren. Auf die aktuelle und zuk\u00fcnftige Gestaltung, die Inhalte oder die Urheberschaft der gelinkten\/verkn\u00fcpften Seiten hat der Autor keinerlei Einfluss. Deshalb distanziert er sich hiermit ausdr\u00fccklich von allen Inhalten aller gelinkten \/verkn\u00fcpften Seiten, die nach der Linksetzung ver\u00e4ndert wurden. Das Internetteam m\u00f6chte festhalten das alle Links regelm\u00e4\u00dfig \u00fcberpr\u00fcft werden.&nbsp;<\/p>\n\n\n\n<p><strong>\u00a73. Urheber- und Kennzeichenrecht<br><\/strong>Der Autor ist bestrebt, in allen Publikationen die Urheberrechte der verwendeten Grafiken, Tondokumente, Videosequenzen und Texte zu beachten, von ihm selbst erstellte Grafiken, Tondokumente, Videosequenzen und Texte zu nutzen oder auf lizenzfreie Grafiken, Tondokumente, Videosequenzen und Texte zur\u00fcckzugreifen.<br>Alle innerhalb des Internetangebotes genannten und ggf. durch Dritte gesch\u00fctzten Marken- und Warenzeichen unterliegen uneingeschr\u00e4nkt den Bestimmungen des jeweils g\u00fcltigen Kennzeichenrechts und den Besitzrechten der jeweiligen eingetragenen Eigent\u00fcmer. Allein aufgrund der blo\u00dfen Nennung ist nicht der Schlu\u00df zu ziehen, da\u00df Markenzeichen nicht durch Rechte Dritter gesch\u00fctzt sind!<br>Alle Linedance Connection Neustadt\/Weinstr. e.V. betreffenden Bilder sind Eigentum des Linedance Connection Neustadt\/Weinstr. e.V. oder genannter Dritter. Eine Vervielf\u00e4ltigung oder Verwendung solcher Grafiken, Mediendokumenten und Texte in anderen elektronischen oder gedruckten Publikationen ist ohne ausdr\u00fcckliche Zustimmung des Webmasters oder des Linedance Connection Neustadt\/Weinstr. e.V.&nbsp;nicht gestattet.<\/p>\n\n\n\n<p><strong>\u00a74. Datenschutz<br><\/strong>Sofern innerhalb des Internetangebotes die M\u00f6glichkeit zur Eingabe pers\u00f6nlicher oder gesch\u00e4ftlicher Daten (Emailadressen, Namen, Anschriften) besteht, so erfolgt die Preisgabe dieser Daten seitens des Nutzers auf ausdr\u00fccklich freiwilliger Basis.<\/p>\n\n\n\n<p><strong>\u00a75. G\u00e4stebuch<br><\/strong>Das G\u00e4stebuch ist als zentraler Ort f\u00fcr Kritiken, Vorschl\u00e4ge und Anregungen gedacht. Es soll nicht als Chat oder Forum mi\u00dfbraucht werden. Die Webmaster behalten sich das Recht vor, Eintr\u00e4ge, die nach unserem Erme\u00dfen nicht ins G\u00e4stebuch geh\u00f6ren, kommentarlos zu entfernen. Desweiten behalten wir uns vor, Ihre IP-Adre\u00dfe sicherzustellem um im Mi\u00dfbrauchsfall auch strafrechtliche Schritte einzuleiten.<\/p>\n\n\n\n<p><strong>\u00a76. Rechtswirksamkeit dieses Haftungsau\u00dfchlu\u00dfes<br><\/strong>Dieser Haftungsau\u00dfchlu\u00df ist als Teil des Internetangebotes zu betrachten, von dem aus auf diese Seite verwiesen wurde. Sofern Teile oder einzelne Formulierungen dieses Textes der geltenden Rechtslage nicht, nicht mehr oder nicht vollst\u00e4ndig entsprechen sollten, bleiben die \u00fcbrigen Teile des Dokumentes in ihrem Inhalt und ihrer G\u00fcltigkeit davon unber\u00fchrt.<\/p>\n","protected":false},"excerpt":{"rendered":"<p>Linedance Connection Neustadt\/Weinstr. e.V.Lindenweg 1a67487 Maikammer Tel.: 0170 \/ 2916087E-mail: LinedanceConnection@gmx.de Registergericht : Amtsgericht LudwigshafenRegisterblatt: VR 60188 Vertretungsberechtigter Vorstand1. VorsitzendeRenate Rothenb\u00fccherLindenweg 1a67487 Maikammer 2. VorsitzendeIrene FollmerWeidenweg 4667487 Maikammer Disclaimer \u00a71. Inhalt des Onlineangebotes&nbsp;Die Linedance Connection Neustadt\/Weinstr. e.V. \u00fcbernimmt keinerlei Gew\u00e4hr f\u00fcr die Aktualit\u00e4t, Korrektheit, Vollst\u00e4ndigkeit oder Qualit\u00e4t der bereitgestellten Informationen. Haftungsanspr\u00fcche gegen Linedance Connection Neustadt\/Weinstr. [&hellip;]<\/p>\n","protected":false},"author":1,"featured_media":0,"parent":0,"menu_order":0,"comment_status":"closed","ping_status":"closed","template":"","meta":{"_acf_changed":false,"_et_pb_use_builder":"off","_et_pb_old_content":"","_et_gb_content_width":"1080","footnotes":""},"class_list":["post-3227","page","type-page","status-publish","hentry"],"acf":[],"_links":{"self":[{"href":"https:\/\/www.linedance-connection.de\/index.php?rest_route=\/wp\/v2\/pages\/3227","targetHints":{"allow":["GET"]}}],"collection":[{"href":"https:\/\/www.linedance-connection.de\/index.php?rest_route=\/wp\/v2\/pages"}],"about":[{"href":"https:\/\/www.linedance-connection.de\/index.php?rest_route=\/wp\/v2\/types\/page"}],"author":[{"embeddable":true,"href":"https:\/\/www.linedance-connection.de\/index.php?rest_route=\/wp\/v2\/users\/1"}],"replies":[{"embeddable":true,"href":"https:\/\/www.linedance-connection.de\/index.php?rest_route=%2Fwp%2Fv2%2Fcomments&post=3227"}],"version-history":[{"count":3,"href":"https:\/\/www.linedance-connection.de\/index.php?rest_route=\/wp\/v2\/pages\/3227\/revisions"}],"predecessor-version":[{"id":3299,"href":"https:\/\/www.linedance-connection.de\/index.php?rest_route=\/wp\/v2\/pages\/3227\/revisions\/3299"}],"wp:attachment":[{"href":"https:\/\/www.linedance-connection.de\/index.php?rest_route=%2Fwp%2Fv2%2Fmedia&parent=3227"}],"curies":[{"name":"wp","href":"https:\/\/api.w.org\/{rel}","templated":true}]}}